8 and 1558?
38
What is the greatest common factor of 23921 and 19?
19
What is the highest common divisor of 3 and 9?
3
Calculate the highest common factor of 4653 and 2256.
141
What is the highest common factor of 62266 and 326?
326
What is the greatest common factor of 5870 and 10?
10
What is the highest common factor of 172 and 20038?
86
What is the highest common divisor of 1469 and 791?
113
What is the greatest common factor of 147 and 4263?
147
What is the highest common divisor of 392 and 8?
8
Calculate the greatest common divisor of 1 and 137.
1
Calculate the greatest common factor of 400 and 16.
16
Calculate the highest common factor of 42 and 7707.
21
Calculate the greatest common factor of 20 and 5.
5
What is the highest common divisor of 100 and 225?
25
What is the greatest common factor of 36 and 788?
4
Calculate the greatest common divisor of 5288 and 8.
8
What is the highest common divisor of 13041 and 138?
69
What is the highest common factor of 78 and 108?
6
What is the highest common factor of 924 and 756?
84
Calculate the highest common factor of 8 and 764.
4
What is the highest common divisor of 40 and 275?
5
What is the highest common divisor of 782 and 2?
2
Calculate the highest common divisor of 3233 and 183.
61
What is the highest common factor of 2881 and 67?
67
What is the highest common divisor of 495 and 9?
9
Calculate the greatest common factor of 552 and 24.
24
What is the highest common factor of 1 and 4?
1
What is the greatest common divisor of 539 and 77?
77
What is the highest common factor of 146 and 365?
73
What is the greatest common factor of 97 and 2619?
97
What is the greatest common divisor of 304 and 3136?
16
What is the greatest common divisor of 442 and 17?
17
Calculate the greatest common divisor of 2702 and 14668.
386
Calculate the highest common factor of 24 and 147.
3
Calculate the greatest common divisor of 45 and 639.
9
Calculate the greatest common factor of 612 and 2822.
34
What is the highest common divisor of 36984 and 207?
69
What is the highest common divisor of 580 and 20?
20
Calculate the highest common divisor of 1134 and 28.
14
What is the highest common divisor of 1590 and 60?
30
What is the greatest common divisor of 52 and 3302?
26
Calculate the greatest common factor of 105 and 140.
35
Calculate the greatest common divisor of 34 and 1207.
17
Calculate the greatest common divisor of 4623 and 69.
69
What is the highest common factor of 92 and 8?
4
Calculate the greatest common factor of 390 and 30.
30
Calculate the greatest common divisor of 139 and 3197.
139
Calculate the greatest common factor of 220 and 319.
11
What is the greatest common divisor of 2 and 38?
2
Calculate the highest common factor of 56 and 182.
14
What is the highest common divisor of 3636 and 202?
202
Calculate the greatest common factor of 455 and 5369.
91
Calculate the greatest common divisor of 56 and 21.
7
Calculate the highest common factor of 372 and 440.
4
Calculate the greatest common factor of 60 and 450.
30
Calculate the highest common factor of 78 and 33540.
78
What is the highest common divisor of 792 and 8?
8
Calculate the greatest common factor of 18656 and 528.
176
Calculate the highest common divisor of 102 and 3.
3
Calculate the highest common factor of 22002 and 76.
38
What is the highest common factor of 15414 and 126?
42
What is the highest common factor of 168 and 49?
7
Calculate the greatest common factor of 50807 and 23.
23
What is the greatest common divisor of 22 and 39952?
22
What is the greatest common factor of 5 and 335?
5
Calculate the greatest common factor of 23 and 253.
23
Calculate the highest common factor of 36 and 128.
4
What is the greatest common divisor of 190 and 9785?
95
What is the greatest common factor of 780 and 1430?
130
Calculate the greatest common divisor of 15 and 255.
15
What is the greatest common factor of 1242 and 108?
54
What is the greatest common divisor of 976 and 16?
16
Calculate the greatest common factor of 3612 and 12.
12
What is the highest common divisor of 2 and 162?
2
What is the greatest common factor of 79 and 158?
79
Calculate the highest common factor of 44 and 242.
22
What is the greatest common factor of 27370 and 644?
322
What is the highest common divisor of 448 and 42?
14
What is the highest common divisor of 105 and 105?
105
What is the greatest common factor of 3 and 17?
1
Calculate the highest common divisor of 31 and 1085.
31
Calculate the highest common factor of 6 and 426.
6
Calculate the greatest common factor of 133 and 95.
19
Calculate the highest common divisor of 84 and 98.
14
Calculate the greatest common factor of 870 and 40.
10
What is the highest common divisor of 533 and 26?
13
What is the greatest common factor of 611 and 94?
47
Calculate the greatest common divisor of 2009 and 49.
49
Calculate the highest common factor of 2 and 16.
2
What is the greatest common factor of 2373 and 4068?
339
Calculate the highest common divisor of 70 and 3010.
70
Calculate the highest common divisor of 794 and 8.
2
What is the greatest common factor of 67 and 201?
67
Calculate the greatest common factor of 123 and 51.
3
Calculate the greatest common divisor of 527 and 17.
17
What is the highest common divisor of 36 and 288?
36
Calculate the highest common divisor of 26 and 5902.
26
Calculate the greatest common divisor of 524 and 917.
131
What is the highest common factor of 28 and 1022?
14
What is the greatest common divisor of 18 and 78?
6
What is the highest common factor of 200 and 1325?
25
What is the highest common factor of 180 and 60?
60
What is the highest common divisor of 102 and 3?
3
Calculate the greatest common factor of 63 and 462.
21
What is the greatest common factor of 7 and 56?
7
What is the highest common divisor of 1232 and 77?
77
Calculate the greatest common divisor of 42 and 450.
6
What is the greatest common factor of 36 and 468?
36
What is the greatest common divisor of 88 and 22?
22
Calculate the highest common divisor of 58 and 1537.
29
Calculate the greatest common divisor of 1520 and 30.
10
What is the greatest common divisor of 33 and 22?
11
What is the highest common divisor of 26144 and 344?
344
What is the greatest common divisor of 233 and 20038?
233
What is the greatest common factor of 28 and 172?
4
Calculate the greatest common factor of 1125 and 1275.
75
Calculate the greatest common divisor of 611 and 47.
47
What is the highest common divisor of 30 and 28050?
30
Calculate the highest common divisor of 40 and 8.
8
What is the greatest common divisor of 288 and 2976?
96
What is the greatest common divisor of 27 and 171?
9
Calculate the highest common factor of 400 and 1920.
80
Calculate the highest common divisor of 91 and 91.
91
What is the highest common divisor of 1560 and 2760?
120
What is the highest common divisor of 8 and 636?
4
Calculate the highest common factor of 120 and 36150.
30
What is the greatest common factor of 6056 and 24?
8
Calculate the greatest common divisor of 357 and 56.
7
Calculate the greatest common factor of 600 and 72.
24
What is the greatest common divisor of 12771 and 594?
297
Calculate the greatest common factor of 77 and 99.
11
Calculate the highest common factor of 6 and 768.
6
What is the greatest common divisor of 13439 and 89?
89
What is the highest common factor of 44 and 110?
22
Calculate the highest common divisor of 319 and 2233.
319
Calculate the highest common divisor of 1032 and 24.
24
Calculate the greatest common factor of 3 and 90.
3
What is the highest common factor of 30 and 135?
15
Calculate the highest common factor of 2881 and 172.
43
Calculate the highest common factor of 225 and 2313.
9
Calculate the greatest common divisor of 1532 and 44.
4
Calculate the greatest common divisor of 95 and 646.
19
What is the greatest common factor of 13 and 4667?
13
Calculate the highest common factor of 864 and 1584.
144
Calculate the greatest common factor of 135 and 2403.
27
Calculate the greatest common factor of 664 and 747.
83
Calculate the greatest common divisor of 8 and 664.
8
What is the highest common divisor of 5047 and 28?
7
Calculate the highest common factor of 31 and 620.
31
What is the greatest common divisor of 107 and 1?
1
Calculate the high